{"id":219,"date":"2022-04-01T16:01:27","date_gmt":"2022-04-01T14:01:27","guid":{"rendered":"https:\/\/gid-dortmund.de\/?page_id=219"},"modified":"2022-10-22T12:37:45","modified_gmt":"2022-10-22T10:37:45","slug":"sport-im-alter","status":"publish","type":"page","link":"https:\/\/gid-dortmund.de\/?page_id=219","title":{"rendered":"Sport im Alter"},"content":{"rendered":"\n<p>Unser K\u00f6rper passt sich an die, an ihn gestellten, Anforderungen an. Eingeschr\u00e4nkte und abnehmende Leistungsanforderung verschlechtert unsere Leistungsf\u00e4higkeit. Dieser Tatsache k\u00f6nnen wir durch Sport entgegenwirken, auch im Alter! Regelm\u00e4\u00dfige Bewegung ist unbedingt notwendig, um Mobilit\u00e4t und Selbstst\u00e4ndigkeit zu erhalten.<\/p>\n\n\n\n<p>Ein gezieltes Training von Gleichgewicht, Koordination,Reaktionsf\u00e4higkeit, und Kr\u00e4ftigung der Muskulatur sind Inhalt jeder \u00dcbungsstunde. Das Training erh\u00f6ht die K\u00f6rperwahrnehmung und f\u00f6rdert Sicherheit und Stabilit\u00e4t. Bewegung erh\u00f6ht den Sauerstoffbedarf des K\u00f6rpers und f\u00fchrt zur verst\u00e4rkter Atmung. Bewegung und Atmung h\u00e4ngen so eng zusammen! Das wirkt positiv auf den Kreislauf.<\/p>\n\n\n\n<p>Kleine Spiele, und Musik motivieren und unterst\u00fctzen die Bewegungsfreude und f\u00f6rdern ein fr\u00f6hliches Miteinander.<\/p>\n\n\n\n<p class=\"has-x-large-font-size\"><strong>Kurstermine<\/strong><\/p>\n\n\n\n<p><strong>Donnerstag<\/strong><br>16:15 &#8211; 17:15 Uhr<br>Ewaldi Altenheim,\u00a0Gymnastikhalle<br>Wei\u00dfe Ewald Str. 43-45, 44287 Dortmund Aplerbeck<\/p>\n\n\n\n<p><strong>Anmeldungen und weitere Informationen erhalten Sie auf Anfrage unter:<\/strong><br><em>info@gid-dortmund.de<\/em><\/p>\n","protected":false},"excerpt":{"rendered":"<p>Unser K\u00f6rper passt sich an die, an ihn gestellten, Anforderungen an. Eingeschr\u00e4nkte und abnehmende Leistungsanforderung verschlechtert unsere Leistungsf\u00e4higkeit. Dieser Tatsache k\u00f6nnen wir durch Sport entgegenwirken, auch im Alter! Regelm\u00e4\u00dfige Bewegung ist unbedingt notwendig, um Mobilit\u00e4t und Selbstst\u00e4ndigkeit zu erhalten. Ein gezieltes Training von Gleichgewicht, Koordination,Reaktionsf\u00e4higkeit, und Kr\u00e4ftigung der Muskulatur sind Inhalt jeder \u00dcbungsstunde. Das Training &hellip; <\/p>\n<p class=\"link-more\"><a href=\"https:\/\/gid-dortmund.de\/?page_id=219\" class=\"more-link\"><span class=\"screen-reader-text\">\u201eSport im Alter\u201c <\/span>weiterlesen<\/a><\/p>\n","protected":false},"author":1,"featured_media":220,"parent":0,"menu_order":0,"comment_status":"closed","ping_status":"closed","template":"","meta":{"footnotes":""},"class_list":["post-219","page","type-page","status-publish","has-post-thumbnail","hentry"],"_links":{"self":[{"href":"https:\/\/gid-dortmund.de\/index.php?rest_route=\/wp\/v2\/pages\/219","targetHints":{"allow":["GET"]}}],"collection":[{"href":"https:\/\/gid-dortmund.de\/index.php?rest_route=\/wp\/v2\/pages"}],"about":[{"href":"https:\/\/gid-dortmund.de\/index.php?rest_route=\/wp\/v2\/types\/page"}],"author":[{"embeddable":true,"href":"https:\/\/gid-dortmund.de\/index.php?rest_route=\/wp\/v2\/users\/1"}],"replies":[{"embeddable":true,"href":"https:\/\/gid-dortmund.de\/index.php?rest_route=%2Fwp%2Fv2%2Fcomments&post=219"}],"version-history":[{"count":2,"href":"https:\/\/gid-dortmund.de\/index.php?rest_route=\/wp\/v2\/pages\/219\/revisions"}],"predecessor-version":[{"id":237,"href":"https:\/\/gid-dortmund.de\/index.php?rest_route=\/wp\/v2\/pages\/219\/revisions\/237"}],"wp:featuredmedia":[{"embeddable":true,"href":"https:\/\/gid-dortmund.de\/index.php?rest_route=\/wp\/v2\/media\/220"}],"wp:attachment":[{"href":"https:\/\/gid-dortmund.de\/index.php?rest_route=%2Fwp%2Fv2%2Fmedia&parent=219"}],"curies":[{"name":"wp","href":"https:\/\/api.w.org\/{rel}","templated":true}]}}